{"version":"1.0","provider_name":"Blog","provider_url":"https:\/\/www.lillegrandpalais.com\/leblog","title":"2 200 congressistes au chevet des enfants - Blog","type":"rich","width":600,"height":338,"html":"<blockquote class=\"wp-embedded-content\" data-secret=\"5mDmFT3K2t\"><a href=\"https:\/\/www.lillegrandpalais.com\/leblog\/actu\/2-200-congressistes-au-chevet-des-enfants\/\">2 200 congressistes au chevet des enfants<\/a><\/blockquote><iframe sandbox=\"allow-scripts\" security=\"restricted\" src=\"https:\/\/www.lillegrandpalais.com\/leblog\/actu\/2-200-congressistes-au-chevet-des-enfants\/embed\/#?secret=5mDmFT3K2t\" width=\"600\" height=\"338\" title=\"\u00ab\u00a02 200 congressistes au chevet des enfants\u00a0\u00bb &#8212; Blog\" data-secret=\"5mDmFT3K2t\" frameborder=\"0\" marginwidth=\"0\" marginheight=\"0\" scrolling=\"no\" class=\"wp-embedded-content\"><\/iframe><script type=\"text\/javascript\">\n\/* <![CDATA[ *\/\n\/*! This file is auto-generated *\/\n!function(d,l){\"use strict\";l.querySelector&&d.addEventListener&&\"undefined\"!=typeof URL&&(d.wp=d.wp||{},d.wp.receiveEmbedMessage||(d.wp.receiveEmbedMessage=function(e){var t=e.data;if((t||t.secret||t.message||t.value)&&!\/[^a-zA-Z0-9]\/.test(t.secret)){for(var s,r,n,a=l.querySelectorAll('iframe[data-secret=\"'+t.secret+'\"]'),o=l.querySelectorAll('blockquote[data-secret=\"'+t.secret+'\"]'),c=new RegExp(\"^https?:$\",\"i\"),i=0;i<o.length;i++)o[i].style.display=\"none\";for(i=0;i<a.length;i++)s=a[i],e.source===s.contentWindow&&(s.removeAttribute(\"style\"),\"height\"===t.message?(1e3<(r=parseInt(t.value,10))?r=1e3:~~r<200&&(r=200),s.height=r):\"link\"===t.message&&(r=new URL(s.getAttribute(\"src\")),n=new URL(t.value),c.test(n.protocol))&&n.host===r.host&&l.activeElement===s&&(d.top.location.href=t.value))}},d.addEventListener(\"message\",d.wp.receiveEmbedMessage,!1),l.addEventListener(\"DOMContentLoaded\",function(){for(var e,t,s=l.querySelectorAll(\"iframe.wp-embedded-content\"),r=0;r<s.length;r++)(t=(e=s[r]).getAttribute(\"data-secret\"))||(t=Math.random().toString(36).substring(2,12),e.src+=\"#?secret=\"+t,e.setAttribute(\"data-secret\",t)),e.contentWindow.postMessage({message:\"ready\",secret:t},\"*\")},!1)))}(window,document);\n\/\/# sourceURL=https:\/\/www.lillegrandpalais.com\/leblog\/wp-includes\/js\/wp-embed.min.js\n\/* ]]> *\/\n<\/script>\n","thumbnail_url":null,"thumbnail_width":null,"thumbnail_height":null,"description":"Du 18 au 20 mai dernier, Lille Grand Palais a accueilli le congr\u00e8s annuel de la Soci\u00e9t\u00e9 Fran\u00e7aise de P\u00e9diatrie (SFP). Pendant trois jours, les meilleurs sp\u00e9cialistes se sont pench\u00e9s sur leur m\u00e9tier et ont \u00e9chang\u00e9 leurs connaissances sur le th\u00e8me de \u00ab\u00a0La Fronti\u00e8re\u00a0\u00bb. Retour sur un \u00e9v\u00e9nement exceptionnel. \u00ab\u00a0La Soci\u00e9t\u00e9 Fran\u00e7aise de P\u00e9diatrie a [&hellip;]"}

Du 18 au 20 mai dernier, Lille Grand Palais a accueilli le congrès annuel de la Société Française de Pédiatrie (SFP). Pendant trois jours, les meilleurs spécialistes se sont penchés sur leur métier et ont échangé leurs connaissances sur le thème de « La Frontière ». Retour sur un événement exceptionnel. « La Société Française de Pédiatrie a [&hellip;]
