{"version":"1.0","provider_name":"Blog","provider_url":"https:\/\/www.lillegrandpalais.com\/leblog","title":"Journ\u00e9es du Patrimoine : les coulisses d'une reprise ! - Blog","type":"rich","width":600,"height":338,"html":"<blockquote class=\"wp-embedded-content\" data-secret=\"em0aIBKFVs\"><a href=\"https:\/\/www.lillegrandpalais.com\/leblog\/actu\/journees-du-patrimoine-les-coulisses-dune-reprise\/\">Journ\u00e9es du Patrimoine : les coulisses d&rsquo;une reprise !<\/a><\/blockquote><iframe sandbox=\"allow-scripts\" security=\"restricted\" src=\"https:\/\/www.lillegrandpalais.com\/leblog\/actu\/journees-du-patrimoine-les-coulisses-dune-reprise\/embed\/#?secret=em0aIBKFVs\" width=\"600\" height=\"338\" title=\"\u00ab\u00a0Journ\u00e9es du Patrimoine : les coulisses d&rsquo;une reprise !\u00a0\u00bb &#8212; Blog\" data-secret=\"em0aIBKFVs\" frameborder=\"0\" marginwidth=\"0\" marginheight=\"0\" scrolling=\"no\" class=\"wp-embedded-content\"><\/iframe><script type=\"text\/javascript\">\n\/* <![CDATA[ *\/\n\/*! This file is auto-generated *\/\n!function(d,l){\"use strict\";l.querySelector&&d.addEventListener&&\"undefined\"!=typeof URL&&(d.wp=d.wp||{},d.wp.receiveEmbedMessage||(d.wp.receiveEmbedMessage=function(e){var t=e.data;if((t||t.secret||t.message||t.value)&&!\/[^a-zA-Z0-9]\/.test(t.secret)){for(var s,r,n,a=l.querySelectorAll('iframe[data-secret=\"'+t.secret+'\"]'),o=l.querySelectorAll('blockquote[data-secret=\"'+t.secret+'\"]'),c=new RegExp(\"^https?:$\",\"i\"),i=0;i<o.length;i++)o[i].style.display=\"none\";for(i=0;i<a.length;i++)s=a[i],e.source===s.contentWindow&&(s.removeAttribute(\"style\"),\"height\"===t.message?(1e3<(r=parseInt(t.value,10))?r=1e3:~~r<200&&(r=200),s.height=r):\"link\"===t.message&&(r=new URL(s.getAttribute(\"src\")),n=new URL(t.value),c.test(n.protocol))&&n.host===r.host&&l.activeElement===s&&(d.top.location.href=t.value))}},d.addEventListener(\"message\",d.wp.receiveEmbedMessage,!1),l.addEventListener(\"DOMContentLoaded\",function(){for(var e,t,s=l.querySelectorAll(\"iframe.wp-embedded-content\"),r=0;r<s.length;r++)(t=(e=s[r]).getAttribute(\"data-secret\"))||(t=Math.random().toString(36).substring(2,12),e.src+=\"#?secret=\"+t,e.setAttribute(\"data-secret\",t)),e.contentWindow.postMessage({message:\"ready\",secret:t},\"*\")},!1)))}(window,document);\n\/\/# sourceURL=https:\/\/www.lillegrandpalais.com\/leblog\/wp-includes\/js\/wp-embed.min.js\n\/* ]]> *\/\n<\/script>\n","description":"\u00ab Patrimoine pour tous \u00bb et \u00ab Patrimoine ferroviaire \u00bb, une double th\u00e9matique choisie pour cette 38e \u00e9dition des Journ\u00e9es Europ\u00e9ennes du Patrimoine qui se d\u00e9rouleront les 18 et 19 septembre 2021 ! La ville de Lille fait appel \u00e0 toutes les structures, petites et grandes, aux habitants, artistes, propri\u00e9taires priv\u00e9s ou publics, institutions, etc. [&hellip;]","thumbnail_url":"https:\/\/www.lillegrandpalais.com\/wp-content\/uploads\/2021\/09\/full-jep2021-news-image-top.jpg"}

Journées du Patrimoine : les coulisses d'une reprise ! - Blog

<blockquote class="wp-embedded-content" data-secret="em0aIBKFVs"><a href="https://www.lillegrandpalais.com/leblog/actu/journees-du-patrimoine-les-coulisses-dune-reprise/">Journées du Patrimoine : les coulisses d&rsquo;une reprise !</a></blockquote><iframe sandbox="allow-scripts" security="restricted" src="https://www.lillegrandpalais.com/leblog/actu/journees-du-patrimoine-les-coulisses-dune-reprise/embed/#?secret=em0aIBKFVs" width="600" height="338" title="« Journées du Patrimoine : les coulisses d&rsquo;une reprise ! » &#8212; Blog" data-secret="em0aIBKFVs" frameborder="0" marginwidth="0" marginheight="0" scrolling="no" class="wp-embedded-content"></iframe><script type="text/javascript">
/* <![CDATA[ */
/*! This file is auto-generated */
!function(d,l){"use strict";l.querySelector&&d.addEventListener&&"undefined"!=typeof URL&&(d.wp=d.wp||{},d.wp.receiveEmbedMessage||(d.wp.receiveEmbedMessage=function(e){var t=e.data;if((t||t.secret||t.message||t.value)&&!/[^a-zA-Z0-9]/.test(t.secret)){for(var s,r,n,a=l.querySelectorAll('iframe[data-secret="'+t.secret+'"]'),o=l.querySelectorAll('blockquote[data-secret="'+t.secret+'"]'),c=new RegExp("^https?:$","i"),i=0;i<o.length;i++)o[i].style.display="none";for(i=0;i<a.length;i++)s=a[i],e.source===s.contentWindow&&(s.removeAttribute("style"),"height"===t.message?(1e3<(r=parseInt(t.value,10))?r=1e3:~~r<200&&(r=200),s.height=r):"link"===t.message&&(r=new URL(s.getAttribute("src")),n=new URL(t.value),c.test(n.protocol))&&n.host===r.host&&l.activeElement===s&&(d.top.location.href=t.value))}},d.addEventListener("message",d.wp.receiveEmbedMessage,!1),l.addEventListener("DOMContentLoaded",function(){for(var e,t,s=l.querySelectorAll("iframe.wp-embedded-content"),r=0;r<s.length;r++)(t=(e=s[r]).getAttribute("data-secret"))||(t=Math.random().toString(36).substring(2,12),e.src+="#?secret="+t,e.setAttribute("data-secret",t)),e.contentWindow.postMessage({message:"ready",secret:t},"*")},!1)))}(window,document);
//# sourceURL=https://www.lillegrandpalais.com/leblog/wp-includes/js/wp-embed.min.js
/* ]]> */
</script>

« Patrimoine pour tous » et « Patrimoine ferroviaire », une double thématique choisie pour cette 38e édition des Journées Européennes du Patrimoine qui se dérouleront les 18 et 19 septembre 2021 ! La ville de Lille fait appel à toutes les structures, petites et grandes, aux habitants, artistes, propriétaires privés ou publics, institutions, etc. [&hellip;]
