{"version":"1.0","provider_name":"Blog","provider_url":"https:\/\/www.lillegrandpalais.com\/leblog","title":"La 5G d\u00e9barque \u00e0 Lille Grand Palais \u2013 Z\u00e9nith\u00a0! - Blog","type":"rich","width":600,"height":338,"html":"<blockquote class=\"wp-embedded-content\" data-secret=\"jTBqtVoTkQ\"><a href=\"https:\/\/www.lillegrandpalais.com\/leblog\/actu\/la-5g-debarque-a-lille-grand-palais-zenith\/\">La 5G d\u00e9barque \u00e0 Lille Grand Palais \u2013 Z\u00e9nith\u00a0!<\/a><\/blockquote><iframe sandbox=\"allow-scripts\" security=\"restricted\" src=\"https:\/\/www.lillegrandpalais.com\/leblog\/actu\/la-5g-debarque-a-lille-grand-palais-zenith\/embed\/#?secret=jTBqtVoTkQ\" width=\"600\" height=\"338\" title=\"\u00ab\u00a0La 5G d\u00e9barque \u00e0 Lille Grand Palais \u2013 Z\u00e9nith\u00a0!\u00a0\u00bb &#8212; Blog\" data-secret=\"jTBqtVoTkQ\" frameborder=\"0\" marginwidth=\"0\" marginheight=\"0\" scrolling=\"no\" class=\"wp-embedded-content\"><\/iframe><script type=\"text\/javascript\">\n\/* <![CDATA[ *\/\n\/*! This file is auto-generated *\/\n!function(d,l){\"use strict\";l.querySelector&&d.addEventListener&&\"undefined\"!=typeof URL&&(d.wp=d.wp||{},d.wp.receiveEmbedMessage||(d.wp.receiveEmbedMessage=function(e){var t=e.data;if((t||t.secret||t.message||t.value)&&!\/[^a-zA-Z0-9]\/.test(t.secret)){for(var s,r,n,a=l.querySelectorAll('iframe[data-secret=\"'+t.secret+'\"]'),o=l.querySelectorAll('blockquote[data-secret=\"'+t.secret+'\"]'),c=new RegExp(\"^https?:$\",\"i\"),i=0;i<o.length;i++)o[i].style.display=\"none\";for(i=0;i<a.length;i++)s=a[i],e.source===s.contentWindow&&(s.removeAttribute(\"style\"),\"height\"===t.message?(1e3<(r=parseInt(t.value,10))?r=1e3:~~r<200&&(r=200),s.height=r):\"link\"===t.message&&(r=new URL(s.getAttribute(\"src\")),n=new URL(t.value),c.test(n.protocol))&&n.host===r.host&&l.activeElement===s&&(d.top.location.href=t.value))}},d.addEventListener(\"message\",d.wp.receiveEmbedMessage,!1),l.addEventListener(\"DOMContentLoaded\",function(){for(var e,t,s=l.querySelectorAll(\"iframe.wp-embedded-content\"),r=0;r<s.length;r++)(t=(e=s[r]).getAttribute(\"data-secret\"))||(t=Math.random().toString(36).substring(2,12),e.src+=\"#?secret=\"+t,e.setAttribute(\"data-secret\",t)),e.contentWindow.postMessage({message:\"ready\",secret:t},\"*\")},!1)))}(window,document);\n\/\/# sourceURL=https:\/\/www.lillegrandpalais.com\/leblog\/wp-includes\/js\/wp-embed.min.js\n\/* ]]> *\/\n<\/script>\n","thumbnail_url":"https:\/\/www.lillegrandpalais.com\/leblog\/wp-content\/uploads\/sites\/4\/2025\/10\/image00021.jpeg","thumbnail_width":2048,"thumbnail_height":1536,"description":"C\u2019est le d\u00e9but d&rsquo;une nouvelle \u00e8re de connectivit\u00e9 pour Lille Grand Palais et le Z\u00e9nith de Lille\u00a0! La mise en place d&rsquo;une infrastructure 5G multi-op\u00e9rateurs sur l\u2019ensemble du site est imminente. Les phases de consultation et de pr\u00e9paration sont d\u00e9sormais termin\u00e9es. Apr\u00e8s la visite de s\u00e9curit\u00e9 avec la TowerCo, Totem, filiale de l\u2019op\u00e9rateur Orange, et [&hellip;]"}

La 5G débarque à Lille Grand Palais – Zénith ! - Blog

<blockquote class="wp-embedded-content" data-secret="jTBqtVoTkQ"><a href="https://www.lillegrandpalais.com/leblog/actu/la-5g-debarque-a-lille-grand-palais-zenith/">La 5G débarque à Lille Grand Palais – Zénith !</a></blockquote><iframe sandbox="allow-scripts" security="restricted" src="https://www.lillegrandpalais.com/leblog/actu/la-5g-debarque-a-lille-grand-palais-zenith/embed/#?secret=jTBqtVoTkQ" width="600" height="338" title="« La 5G débarque à Lille Grand Palais – Zénith ! » &#8212; Blog" data-secret="jTBqtVoTkQ" frameborder="0" marginwidth="0" marginheight="0" scrolling="no" class="wp-embedded-content"></iframe><script type="text/javascript">
/* <![CDATA[ */
/*! This file is auto-generated */
!function(d,l){"use strict";l.querySelector&&d.addEventListener&&"undefined"!=typeof URL&&(d.wp=d.wp||{},d.wp.receiveEmbedMessage||(d.wp.receiveEmbedMessage=function(e){var t=e.data;if((t||t.secret||t.message||t.value)&&!/[^a-zA-Z0-9]/.test(t.secret)){for(var s,r,n,a=l.querySelectorAll('iframe[data-secret="'+t.secret+'"]'),o=l.querySelectorAll('blockquote[data-secret="'+t.secret+'"]'),c=new RegExp("^https?:$","i"),i=0;i<o.length;i++)o[i].style.display="none";for(i=0;i<a.length;i++)s=a[i],e.source===s.contentWindow&&(s.removeAttribute("style"),"height"===t.message?(1e3<(r=parseInt(t.value,10))?r=1e3:~~r<200&&(r=200),s.height=r):"link"===t.message&&(r=new URL(s.getAttribute("src")),n=new URL(t.value),c.test(n.protocol))&&n.host===r.host&&l.activeElement===s&&(d.top.location.href=t.value))}},d.addEventListener("message",d.wp.receiveEmbedMessage,!1),l.addEventListener("DOMContentLoaded",function(){for(var e,t,s=l.querySelectorAll("iframe.wp-embedded-content"),r=0;r<s.length;r++)(t=(e=s[r]).getAttribute("data-secret"))||(t=Math.random().toString(36).substring(2,12),e.src+="#?secret="+t,e.setAttribute("data-secret",t)),e.contentWindow.postMessage({message:"ready",secret:t},"*")},!1)))}(window,document);
//# sourceURL=https://www.lillegrandpalais.com/leblog/wp-includes/js/wp-embed.min.js
/* ]]> */
</script>

C’est le début d&rsquo;une nouvelle ère de connectivité pour Lille Grand Palais et le Zénith de Lille ! La mise en place d&rsquo;une infrastructure 5G multi-opérateurs sur l’ensemble du site est imminente. Les phases de consultation et de préparation sont désormais terminées. Après la visite de sécurité avec la TowerCo, Totem, filiale de l’opérateur Orange, et [&hellip;]
