{"version":"1.0","provider_name":"Blog","provider_url":"https:\/\/www.lillegrandpalais.com\/leblog","title":"La Nuit Cr\u00e9er l\u00e8ve le voile sur sa programmation - Lille Grand Palais","type":"rich","width":600,"height":338,"html":"<blockquote class=\"wp-embedded-content\" data-secret=\"TYJhnAh2WO\"><a href=\"https:\/\/www.lillegrandpalais.com\/leblog\/actu\/la-nuit-creer-devoile-sa-programmation\/\">La Nuit Cr\u00e9er d\u00e9voile sa programmation<\/a><\/blockquote><iframe sandbox=\"allow-scripts\" security=\"restricted\" src=\"https:\/\/www.lillegrandpalais.com\/leblog\/actu\/la-nuit-creer-devoile-sa-programmation\/embed\/#?secret=TYJhnAh2WO\" width=\"600\" height=\"338\" title=\"\u00ab\u00a0La Nuit Cr\u00e9er d\u00e9voile sa programmation\u00a0\u00bb &#8212; Blog\" data-secret=\"TYJhnAh2WO\" frameborder=\"0\" marginwidth=\"0\" marginheight=\"0\" scrolling=\"no\" class=\"wp-embedded-content\"><\/iframe><script type=\"text\/javascript\">\n\/* <![CDATA[ *\/\n\/*! This file is auto-generated *\/\n!function(d,l){\"use strict\";l.querySelector&&d.addEventListener&&\"undefined\"!=typeof URL&&(d.wp=d.wp||{},d.wp.receiveEmbedMessage||(d.wp.receiveEmbedMessage=function(e){var t=e.data;if((t||t.secret||t.message||t.value)&&!\/[^a-zA-Z0-9]\/.test(t.secret)){for(var s,r,n,a=l.querySelectorAll('iframe[data-secret=\"'+t.secret+'\"]'),o=l.querySelectorAll('blockquote[data-secret=\"'+t.secret+'\"]'),c=new RegExp(\"^https?:$\",\"i\"),i=0;i<o.length;i++)o[i].style.display=\"none\";for(i=0;i<a.length;i++)s=a[i],e.source===s.contentWindow&&(s.removeAttribute(\"style\"),\"height\"===t.message?(1e3<(r=parseInt(t.value,10))?r=1e3:~~r<200&&(r=200),s.height=r):\"link\"===t.message&&(r=new URL(s.getAttribute(\"src\")),n=new URL(t.value),c.test(n.protocol))&&n.host===r.host&&l.activeElement===s&&(d.top.location.href=t.value))}},d.addEventListener(\"message\",d.wp.receiveEmbedMessage,!1),l.addEventListener(\"DOMContentLoaded\",function(){for(var e,t,s=l.querySelectorAll(\"iframe.wp-embedded-content\"),r=0;r<s.length;r++)(t=(e=s[r]).getAttribute(\"data-secret\"))||(t=Math.random().toString(36).substring(2,12),e.src+=\"#?secret=\"+t,e.setAttribute(\"data-secret\",t)),e.contentWindow.postMessage({message:\"ready\",secret:t},\"*\")},!1)))}(window,document);\n\/\/# sourceURL=https:\/\/www.lillegrandpalais.com\/leblog\/wp-includes\/js\/wp-embed.min.js\n\/* ]]> *\/\n<\/script>\n","thumbnail_url":null,"thumbnail_width":null,"thumbnail_height":null,"description":"A quelques semaines du lancement de sa 9\u00e8me \u00e9dition, le lundi 14 septembre 2015, le Salon Cr\u00e9er vient de d\u00e9voiler la totalit\u00e9 de sa programmation. Coup de projecteur sur l\u2019un des \u00e9v\u00e9nements les plus attendus \u00e0 Lille Grand Palais : la Nuit Cr\u00e9er !"}

La Nuit Créer lève le voile sur sa programmation - Lille Grand Palais

<blockquote class="wp-embedded-content" data-secret="TYJhnAh2WO"><a href="https://www.lillegrandpalais.com/leblog/actu/la-nuit-creer-devoile-sa-programmation/">La Nuit Créer dévoile sa programmation</a></blockquote><iframe sandbox="allow-scripts" security="restricted" src="https://www.lillegrandpalais.com/leblog/actu/la-nuit-creer-devoile-sa-programmation/embed/#?secret=TYJhnAh2WO" width="600" height="338" title="« La Nuit Créer dévoile sa programmation » &#8212; Blog" data-secret="TYJhnAh2WO" frameborder="0" marginwidth="0" marginheight="0" scrolling="no" class="wp-embedded-content"></iframe><script type="text/javascript">
/* <![CDATA[ */
/*! This file is auto-generated */
!function(d,l){"use strict";l.querySelector&&d.addEventListener&&"undefined"!=typeof URL&&(d.wp=d.wp||{},d.wp.receiveEmbedMessage||(d.wp.receiveEmbedMessage=function(e){var t=e.data;if((t||t.secret||t.message||t.value)&&!/[^a-zA-Z0-9]/.test(t.secret)){for(var s,r,n,a=l.querySelectorAll('iframe[data-secret="'+t.secret+'"]'),o=l.querySelectorAll('blockquote[data-secret="'+t.secret+'"]'),c=new RegExp("^https?:$","i"),i=0;i<o.length;i++)o[i].style.display="none";for(i=0;i<a.length;i++)s=a[i],e.source===s.contentWindow&&(s.removeAttribute("style"),"height"===t.message?(1e3<(r=parseInt(t.value,10))?r=1e3:~~r<200&&(r=200),s.height=r):"link"===t.message&&(r=new URL(s.getAttribute("src")),n=new URL(t.value),c.test(n.protocol))&&n.host===r.host&&l.activeElement===s&&(d.top.location.href=t.value))}},d.addEventListener("message",d.wp.receiveEmbedMessage,!1),l.addEventListener("DOMContentLoaded",function(){for(var e,t,s=l.querySelectorAll("iframe.wp-embedded-content"),r=0;r<s.length;r++)(t=(e=s[r]).getAttribute("data-secret"))||(t=Math.random().toString(36).substring(2,12),e.src+="#?secret="+t,e.setAttribute("data-secret",t)),e.contentWindow.postMessage({message:"ready",secret:t},"*")},!1)))}(window,document);
//# sourceURL=https://www.lillegrandpalais.com/leblog/wp-includes/js/wp-embed.min.js
/* ]]> */
</script>

A quelques semaines du lancement de sa 9ème édition, le lundi 14 septembre 2015, le Salon Créer vient de dévoiler la totalité de sa programmation. Coup de projecteur sur l’un des événements les plus attendus à Lille Grand Palais : la Nuit Créer !
