{"version":"1.0","provider_name":"Blog","provider_url":"https:\/\/www.lillegrandpalais.com\/leblog","title":"Le LAM devient la ville magique - Blog","type":"rich","width":600,"height":338,"html":"<blockquote class=\"wp-embedded-content\" data-secret=\"8dqdLPINSq\"><a href=\"https:\/\/www.lillegrandpalais.com\/leblog\/actu\/le-lam-devient-la-ville-magique\/\">Le LAM devient la ville magique<\/a><\/blockquote><iframe sandbox=\"allow-scripts\" security=\"restricted\" src=\"https:\/\/www.lillegrandpalais.com\/leblog\/actu\/le-lam-devient-la-ville-magique\/embed\/#?secret=8dqdLPINSq\" width=\"600\" height=\"338\" title=\"\u00ab\u00a0Le LAM devient la ville magique\u00a0\u00bb &#8212; Blog\" data-secret=\"8dqdLPINSq\" frameborder=\"0\" marginwidth=\"0\" marginheight=\"0\" scrolling=\"no\" class=\"wp-embedded-content\"><\/iframe><script type=\"text\/javascript\">\n\/* <![CDATA[ *\/\n\/*! This file is auto-generated *\/\n!function(d,l){\"use strict\";l.querySelector&&d.addEventListener&&\"undefined\"!=typeof URL&&(d.wp=d.wp||{},d.wp.receiveEmbedMessage||(d.wp.receiveEmbedMessage=function(e){var t=e.data;if((t||t.secret||t.message||t.value)&&!\/[^a-zA-Z0-9]\/.test(t.secret)){for(var s,r,n,a=l.querySelectorAll('iframe[data-secret=\"'+t.secret+'\"]'),o=l.querySelectorAll('blockquote[data-secret=\"'+t.secret+'\"]'),c=new RegExp(\"^https?:$\",\"i\"),i=0;i<o.length;i++)o[i].style.display=\"none\";for(i=0;i<a.length;i++)s=a[i],e.source===s.contentWindow&&(s.removeAttribute(\"style\"),\"height\"===t.message?(1e3<(r=parseInt(t.value,10))?r=1e3:~~r<200&&(r=200),s.height=r):\"link\"===t.message&&(r=new URL(s.getAttribute(\"src\")),n=new URL(t.value),c.test(n.protocol))&&n.host===r.host&&l.activeElement===s&&(d.top.location.href=t.value))}},d.addEventListener(\"message\",d.wp.receiveEmbedMessage,!1),l.addEventListener(\"DOMContentLoaded\",function(){for(var e,t,s=l.querySelectorAll(\"iframe.wp-embedded-content\"),r=0;r<s.length;r++)(t=(e=s[r]).getAttribute(\"data-secret\"))||(t=Math.random().toString(36).substring(2,12),e.src+=\"#?secret=\"+t,e.setAttribute(\"data-secret\",t)),e.contentWindow.postMessage({message:\"ready\",secret:t},\"*\")},!1)))}(window,document);\n\/\/# sourceURL=https:\/\/www.lillegrandpalais.com\/leblog\/wp-includes\/js\/wp-embed.min.js\n\/* ]]> *\/\n<\/script>\n","description":"Pr\u00e9sent\u00e9e dans le cadre de la nouvelle \u00e9dition de lille3000, Fantastic 2012, l\u2019exposition La Ville magique propose une plong\u00e9e dans diff\u00e9rents mythes urbains de l\u2019Entre-deux guerres, au moment o\u00f9 la ville semble concentrer tous les phantasmes et toutes les craintes du monde occidental. Transversale, elle r\u00e9unit plus de 200 peintures, dessins,collages, photographies et films. Une [&hellip;]","thumbnail_url":"https:\/\/www.lillegrandpalais.com\/wp-content\/uploads\/2012\/09\/AFFICHEVILLEMAG.jpg"}

Présentée dans le cadre de la nouvelle édition de lille3000, Fantastic 2012, l’exposition La Ville magique propose une plongée dans différents mythes urbains de l’Entre-deux guerres, au moment où la ville semble concentrer tous les phantasmes et toutes les craintes du monde occidental. Transversale, elle réunit plus de 200 peintures, dessins,collages, photographies et films. Une [&hellip;]
