{"version":"1.0","provider_name":"Blog","provider_url":"https:\/\/www.lillegrandpalais.com\/leblog","title":"Lille Art Faire, 1\u00e8re Foire d'Art Contemporain","type":"rich","width":600,"height":338,"html":"<blockquote class=\"wp-embedded-content\" data-secret=\"8Eky3kE2oU\"><a href=\"https:\/\/www.lillegrandpalais.com\/leblog\/actu\/lille-art-fair-1ere-foire-dart-contemporain\/\">Lille Art Fair, 1\u00e8re Foire d&rsquo;Art Contemporain<\/a><\/blockquote><iframe sandbox=\"allow-scripts\" security=\"restricted\" src=\"https:\/\/www.lillegrandpalais.com\/leblog\/actu\/lille-art-fair-1ere-foire-dart-contemporain\/embed\/#?secret=8Eky3kE2oU\" width=\"600\" height=\"338\" title=\"\u00ab\u00a0Lille Art Fair, 1\u00e8re Foire d&rsquo;Art Contemporain\u00a0\u00bb &#8212; Blog\" data-secret=\"8Eky3kE2oU\" frameborder=\"0\" marginwidth=\"0\" marginheight=\"0\" scrolling=\"no\" class=\"wp-embedded-content\"><\/iframe><script type=\"text\/javascript\">\n\/* <![CDATA[ *\/\n\/*! This file is auto-generated *\/\n!function(d,l){\"use strict\";l.querySelector&&d.addEventListener&&\"undefined\"!=typeof URL&&(d.wp=d.wp||{},d.wp.receiveEmbedMessage||(d.wp.receiveEmbedMessage=function(e){var t=e.data;if((t||t.secret||t.message||t.value)&&!\/[^a-zA-Z0-9]\/.test(t.secret)){for(var s,r,n,a=l.querySelectorAll('iframe[data-secret=\"'+t.secret+'\"]'),o=l.querySelectorAll('blockquote[data-secret=\"'+t.secret+'\"]'),c=new RegExp(\"^https?:$\",\"i\"),i=0;i<o.length;i++)o[i].style.display=\"none\";for(i=0;i<a.length;i++)s=a[i],e.source===s.contentWindow&&(s.removeAttribute(\"style\"),\"height\"===t.message?(1e3<(r=parseInt(t.value,10))?r=1e3:~~r<200&&(r=200),s.height=r):\"link\"===t.message&&(r=new URL(s.getAttribute(\"src\")),n=new URL(t.value),c.test(n.protocol))&&n.host===r.host&&l.activeElement===s&&(d.top.location.href=t.value))}},d.addEventListener(\"message\",d.wp.receiveEmbedMessage,!1),l.addEventListener(\"DOMContentLoaded\",function(){for(var e,t,s=l.querySelectorAll(\"iframe.wp-embedded-content\"),r=0;r<s.length;r++)(t=(e=s[r]).getAttribute(\"data-secret\"))||(t=Math.random().toString(36).substring(2,12),e.src+=\"#?secret=\"+t,e.setAttribute(\"data-secret\",t)),e.contentWindow.postMessage({message:\"ready\",secret:t},\"*\")},!1)))}(window,document);\n\/\/# sourceURL=https:\/\/www.lillegrandpalais.com\/leblog\/wp-includes\/js\/wp-embed.min.js\n\/* ]]> *\/\n<\/script>\n","description":"Lille Grand Palais vient de fermer ses portes sur quatre jours intenses d\u00e9di\u00e9s \u00e0 l\u2019art contemporain. Avec plus de 26 000 visiteurs, Lille Art Fair 2013 affiche une fr\u00e9quentation en hausse de 27% par rapport \u00e0 2012 et se place ainsi sur la premi\u00e8re marche du podium des foires d\u2019art contemporain en r\u00e9gion. Du 7 [&hellip;]","thumbnail_url":"https:\/\/www.lillegrandpalais.com\/wp-content\/uploads\/2013\/03\/photoarticleblog-300x200.jpg"}

Lille Art Faire, 1ère Foire d'Art Contemporain

<blockquote class="wp-embedded-content" data-secret="8Eky3kE2oU"><a href="https://www.lillegrandpalais.com/leblog/actu/lille-art-fair-1ere-foire-dart-contemporain/">Lille Art Fair, 1ère Foire d&rsquo;Art Contemporain</a></blockquote><iframe sandbox="allow-scripts" security="restricted" src="https://www.lillegrandpalais.com/leblog/actu/lille-art-fair-1ere-foire-dart-contemporain/embed/#?secret=8Eky3kE2oU" width="600" height="338" title="« Lille Art Fair, 1ère Foire d&rsquo;Art Contemporain » &#8212; Blog" data-secret="8Eky3kE2oU" frameborder="0" marginwidth="0" marginheight="0" scrolling="no" class="wp-embedded-content"></iframe><script type="text/javascript">
/* <![CDATA[ */
/*! This file is auto-generated */
!function(d,l){"use strict";l.querySelector&&d.addEventListener&&"undefined"!=typeof URL&&(d.wp=d.wp||{},d.wp.receiveEmbedMessage||(d.wp.receiveEmbedMessage=function(e){var t=e.data;if((t||t.secret||t.message||t.value)&&!/[^a-zA-Z0-9]/.test(t.secret)){for(var s,r,n,a=l.querySelectorAll('iframe[data-secret="'+t.secret+'"]'),o=l.querySelectorAll('blockquote[data-secret="'+t.secret+'"]'),c=new RegExp("^https?:$","i"),i=0;i<o.length;i++)o[i].style.display="none";for(i=0;i<a.length;i++)s=a[i],e.source===s.contentWindow&&(s.removeAttribute("style"),"height"===t.message?(1e3<(r=parseInt(t.value,10))?r=1e3:~~r<200&&(r=200),s.height=r):"link"===t.message&&(r=new URL(s.getAttribute("src")),n=new URL(t.value),c.test(n.protocol))&&n.host===r.host&&l.activeElement===s&&(d.top.location.href=t.value))}},d.addEventListener("message",d.wp.receiveEmbedMessage,!1),l.addEventListener("DOMContentLoaded",function(){for(var e,t,s=l.querySelectorAll("iframe.wp-embedded-content"),r=0;r<s.length;r++)(t=(e=s[r]).getAttribute("data-secret"))||(t=Math.random().toString(36).substring(2,12),e.src+="#?secret="+t,e.setAttribute("data-secret",t)),e.contentWindow.postMessage({message:"ready",secret:t},"*")},!1)))}(window,document);
//# sourceURL=https://www.lillegrandpalais.com/leblog/wp-includes/js/wp-embed.min.js
/* ]]> */
</script>

Lille Grand Palais vient de fermer ses portes sur quatre jours intenses dédiés à l’art contemporain. Avec plus de 26 000 visiteurs, Lille Art Fair 2013 affiche une fréquentation en hausse de 27% par rapport à 2012 et se place ainsi sur la première marche du podium des foires d’art contemporain en région. Du 7 [&hellip;]
