{"version":"1.0","provider_name":"Blog","provider_url":"https:\/\/www.lillegrandpalais.com\/leblog","title":"Lille Art Fair j-7 - Blog","type":"rich","width":600,"height":338,"html":"<blockquote class=\"wp-embedded-content\" data-secret=\"heIWcL05nI\"><a href=\"https:\/\/www.lillegrandpalais.com\/leblog\/actu\/lille-art-fair-j-7\/\">Lille Art Fair j-7<\/a><\/blockquote><iframe sandbox=\"allow-scripts\" security=\"restricted\" src=\"https:\/\/www.lillegrandpalais.com\/leblog\/actu\/lille-art-fair-j-7\/embed\/#?secret=heIWcL05nI\" width=\"600\" height=\"338\" title=\"\u00ab\u00a0Lille Art Fair j-7\u00a0\u00bb &#8212; Blog\" data-secret=\"heIWcL05nI\" frameborder=\"0\" marginwidth=\"0\" marginheight=\"0\" scrolling=\"no\" class=\"wp-embedded-content\"><\/iframe><script type=\"text\/javascript\">\n\/* <![CDATA[ *\/\n\/*! This file is auto-generated *\/\n!function(d,l){\"use strict\";l.querySelector&&d.addEventListener&&\"undefined\"!=typeof URL&&(d.wp=d.wp||{},d.wp.receiveEmbedMessage||(d.wp.receiveEmbedMessage=function(e){var t=e.data;if((t||t.secret||t.message||t.value)&&!\/[^a-zA-Z0-9]\/.test(t.secret)){for(var s,r,n,a=l.querySelectorAll('iframe[data-secret=\"'+t.secret+'\"]'),o=l.querySelectorAll('blockquote[data-secret=\"'+t.secret+'\"]'),c=new RegExp(\"^https?:$\",\"i\"),i=0;i<o.length;i++)o[i].style.display=\"none\";for(i=0;i<a.length;i++)s=a[i],e.source===s.contentWindow&&(s.removeAttribute(\"style\"),\"height\"===t.message?(1e3<(r=parseInt(t.value,10))?r=1e3:~~r<200&&(r=200),s.height=r):\"link\"===t.message&&(r=new URL(s.getAttribute(\"src\")),n=new URL(t.value),c.test(n.protocol))&&n.host===r.host&&l.activeElement===s&&(d.top.location.href=t.value))}},d.addEventListener(\"message\",d.wp.receiveEmbedMessage,!1),l.addEventListener(\"DOMContentLoaded\",function(){for(var e,t,s=l.querySelectorAll(\"iframe.wp-embedded-content\"),r=0;r<s.length;r++)(t=(e=s[r]).getAttribute(\"data-secret\"))||(t=Math.random().toString(36).substring(2,12),e.src+=\"#?secret=\"+t,e.setAttribute(\"data-secret\",t)),e.contentWindow.postMessage({message:\"ready\",secret:t},\"*\")},!1)))}(window,document);\n\/\/# sourceURL=https:\/\/www.lillegrandpalais.com\/leblog\/wp-includes\/js\/wp-embed.min.js\n\/* ]]> *\/\n<\/script>\n","description":"Dans une semaine la 5\u00e8me \u00e9dition de Lille Art Fair ouvrira enfin ses portes. Nouvel espace, nouveau plateau, une majorit\u00e9 de nouvelles galeries, Lille Art Fair 2012 s\u2019annonce riche en d\u00e9couvertes. Sous l\u2019\u00e9gide de Jacques Villegl\u00e9, parrain officiel de la foire, c\u2019est au total plus de 90 exposants qui investiront 12 000m\u00b2 de Lille Grand [&hellip;]","thumbnail_url":"https:\/\/www.lillegrandpalais.com\/wp-content\/uploads\/2012\/04\/340x482px_29_11_11_1657162.jpg"}

Dans une semaine la 5ème édition de Lille Art Fair ouvrira enfin ses portes. Nouvel espace, nouveau plateau, une majorité de nouvelles galeries, Lille Art Fair 2012 s’annonce riche en découvertes. Sous l’égide de Jacques Villeglé, parrain officiel de la foire, c’est au total plus de 90 exposants qui investiront 12 000m² de Lille Grand [&hellip;]
