{"version":"1.0","provider_name":"Blog","provider_url":"https:\/\/www.lillegrandpalais.com\/leblog","title":"Lille Grand Palais accueille le salon Autonomic - Blog","type":"rich","width":600,"height":338,"html":"<blockquote class=\"wp-embedded-content\" data-secret=\"WDoS1omgbn\"><a href=\"https:\/\/www.lillegrandpalais.com\/leblog\/actu\/lille-grand-palais-accueille-le-salon-autonomic\/\">Lille Grand Palais accueille le salon Autonomic<\/a><\/blockquote><iframe sandbox=\"allow-scripts\" security=\"restricted\" src=\"https:\/\/www.lillegrandpalais.com\/leblog\/actu\/lille-grand-palais-accueille-le-salon-autonomic\/embed\/#?secret=WDoS1omgbn\" width=\"600\" height=\"338\" title=\"\u00ab\u00a0Lille Grand Palais accueille le salon Autonomic\u00a0\u00bb &#8212; Blog\" data-secret=\"WDoS1omgbn\" frameborder=\"0\" marginwidth=\"0\" marginheight=\"0\" scrolling=\"no\" class=\"wp-embedded-content\"><\/iframe><script type=\"text\/javascript\">\n\/* <![CDATA[ *\/\n\/*! This file is auto-generated *\/\n!function(d,l){\"use strict\";l.querySelector&&d.addEventListener&&\"undefined\"!=typeof URL&&(d.wp=d.wp||{},d.wp.receiveEmbedMessage||(d.wp.receiveEmbedMessage=function(e){var t=e.data;if((t||t.secret||t.message||t.value)&&!\/[^a-zA-Z0-9]\/.test(t.secret)){for(var s,r,n,a=l.querySelectorAll('iframe[data-secret=\"'+t.secret+'\"]'),o=l.querySelectorAll('blockquote[data-secret=\"'+t.secret+'\"]'),c=new RegExp(\"^https?:$\",\"i\"),i=0;i<o.length;i++)o[i].style.display=\"none\";for(i=0;i<a.length;i++)s=a[i],e.source===s.contentWindow&&(s.removeAttribute(\"style\"),\"height\"===t.message?(1e3<(r=parseInt(t.value,10))?r=1e3:~~r<200&&(r=200),s.height=r):\"link\"===t.message&&(r=new URL(s.getAttribute(\"src\")),n=new URL(t.value),c.test(n.protocol))&&n.host===r.host&&l.activeElement===s&&(d.top.location.href=t.value))}},d.addEventListener(\"message\",d.wp.receiveEmbedMessage,!1),l.addEventListener(\"DOMContentLoaded\",function(){for(var e,t,s=l.querySelectorAll(\"iframe.wp-embedded-content\"),r=0;r<s.length;r++)(t=(e=s[r]).getAttribute(\"data-secret\"))||(t=Math.random().toString(36).substring(2,12),e.src+=\"#?secret=\"+t,e.setAttribute(\"data-secret\",t)),e.contentWindow.postMessage({message:\"ready\",secret:t},\"*\")},!1)))}(window,document);\n\/\/# sourceURL=https:\/\/www.lillegrandpalais.com\/leblog\/wp-includes\/js\/wp-embed.min.js\n\/* ]]> *\/\n<\/script>\n","description":"Les mercredi 27 et jeudi 28 novembre, le salon Autonomic investit Lille Grand Palais et propose toutes les solutions pour mieux vivre au quotidien. 150 exposants de tous secteurs confondus sont attendus pour cette 4e\u00a0\u00e9dition (v\u00e9hicules et transports, aides techniques et mat\u00e9riels, proth\u00e8ses, d\u00e9ficits sensoriels, am\u00e9nagement de l\u2019habitat, soins, confort &amp; bien \u00eatre,\u00a0 services \u00e0 [&hellip;]","thumbnail_url":"https:\/\/www.lillegrandpalais.com\/wp-content\/uploads\/2019\/10\/autonomic1.png"}

Les mercredi 27 et jeudi 28 novembre, le salon Autonomic investit Lille Grand Palais et propose toutes les solutions pour mieux vivre au quotidien. 150 exposants de tous secteurs confondus sont attendus pour cette 4e édition (véhicules et transports, aides techniques et matériels, prothèses, déficits sensoriels, aménagement de l’habitat, soins, confort &amp; bien être,  services à [&hellip;]
