{"version":"1.0","provider_name":"Blog","provider_url":"https:\/\/www.lillegrandpalais.com\/leblog","title":"Lille Grand Palais en petite foul\u00e9e. Journ\u00e9e du patrimoine 2013","type":"rich","width":600,"height":338,"html":"<blockquote class=\"wp-embedded-content\" data-secret=\"tcLtkn17Wo\"><a href=\"https:\/\/www.lillegrandpalais.com\/leblog\/actu\/lille-grand-palais-en-petite-foulee\/\">Lille Grand Palais en petite foul\u00e9e<\/a><\/blockquote><iframe sandbox=\"allow-scripts\" security=\"restricted\" src=\"https:\/\/www.lillegrandpalais.com\/leblog\/actu\/lille-grand-palais-en-petite-foulee\/embed\/#?secret=tcLtkn17Wo\" width=\"600\" height=\"338\" title=\"\u00ab\u00a0Lille Grand Palais en petite foul\u00e9e\u00a0\u00bb &#8212; Blog\" data-secret=\"tcLtkn17Wo\" frameborder=\"0\" marginwidth=\"0\" marginheight=\"0\" scrolling=\"no\" class=\"wp-embedded-content\"><\/iframe><script type=\"text\/javascript\">\n\/* <![CDATA[ *\/\n\/*! This file is auto-generated *\/\n!function(d,l){\"use strict\";l.querySelector&&d.addEventListener&&\"undefined\"!=typeof URL&&(d.wp=d.wp||{},d.wp.receiveEmbedMessage||(d.wp.receiveEmbedMessage=function(e){var t=e.data;if((t||t.secret||t.message||t.value)&&!\/[^a-zA-Z0-9]\/.test(t.secret)){for(var s,r,n,a=l.querySelectorAll('iframe[data-secret=\"'+t.secret+'\"]'),o=l.querySelectorAll('blockquote[data-secret=\"'+t.secret+'\"]'),c=new RegExp(\"^https?:$\",\"i\"),i=0;i<o.length;i++)o[i].style.display=\"none\";for(i=0;i<a.length;i++)s=a[i],e.source===s.contentWindow&&(s.removeAttribute(\"style\"),\"height\"===t.message?(1e3<(r=parseInt(t.value,10))?r=1e3:~~r<200&&(r=200),s.height=r):\"link\"===t.message&&(r=new URL(s.getAttribute(\"src\")),n=new URL(t.value),c.test(n.protocol))&&n.host===r.host&&l.activeElement===s&&(d.top.location.href=t.value))}},d.addEventListener(\"message\",d.wp.receiveEmbedMessage,!1),l.addEventListener(\"DOMContentLoaded\",function(){for(var e,t,s=l.querySelectorAll(\"iframe.wp-embedded-content\"),r=0;r<s.length;r++)(t=(e=s[r]).getAttribute(\"data-secret\"))||(t=Math.random().toString(36).substring(2,12),e.src+=\"#?secret=\"+t,e.setAttribute(\"data-secret\",t)),e.contentWindow.postMessage({message:\"ready\",secret:t},\"*\")},!1)))}(window,document);\n\/\/# sourceURL=https:\/\/www.lillegrandpalais.com\/leblog\/wp-includes\/js\/wp-embed.min.js\n\/* ]]> *\/\n<\/script>\n","thumbnail_url":null,"thumbnail_width":null,"thumbnail_height":null,"description":"A l&rsquo;occasion des Journ\u00e9es Europ\u00e9ennes du Patrimoine, Lille Grand Palais vous ouvre ses portes pour vous d\u00e9voiler les 1000 facettes de l\u2019\u00e9v\u00e9nementiel et de son b\u00e2timent. La nouveaut\u00e9, cette ann\u00e9e, un parcours sportif a \u00e9t\u00e9 pens\u00e9 pour vous en partenariat avec le Club de Gym d\u2019Euralille. Le Dimanche matin sera sportif tout en restant accessible [&hellip;]"}

Lille Grand Palais en petite foulée. Journée du patrimoine 2013

<blockquote class="wp-embedded-content" data-secret="tcLtkn17Wo"><a href="https://www.lillegrandpalais.com/leblog/actu/lille-grand-palais-en-petite-foulee/">Lille Grand Palais en petite foulée</a></blockquote><iframe sandbox="allow-scripts" security="restricted" src="https://www.lillegrandpalais.com/leblog/actu/lille-grand-palais-en-petite-foulee/embed/#?secret=tcLtkn17Wo" width="600" height="338" title="« Lille Grand Palais en petite foulée » &#8212; Blog" data-secret="tcLtkn17Wo" frameborder="0" marginwidth="0" marginheight="0" scrolling="no" class="wp-embedded-content"></iframe><script type="text/javascript">
/* <![CDATA[ */
/*! This file is auto-generated */
!function(d,l){"use strict";l.querySelector&&d.addEventListener&&"undefined"!=typeof URL&&(d.wp=d.wp||{},d.wp.receiveEmbedMessage||(d.wp.receiveEmbedMessage=function(e){var t=e.data;if((t||t.secret||t.message||t.value)&&!/[^a-zA-Z0-9]/.test(t.secret)){for(var s,r,n,a=l.querySelectorAll('iframe[data-secret="'+t.secret+'"]'),o=l.querySelectorAll('blockquote[data-secret="'+t.secret+'"]'),c=new RegExp("^https?:$","i"),i=0;i<o.length;i++)o[i].style.display="none";for(i=0;i<a.length;i++)s=a[i],e.source===s.contentWindow&&(s.removeAttribute("style"),"height"===t.message?(1e3<(r=parseInt(t.value,10))?r=1e3:~~r<200&&(r=200),s.height=r):"link"===t.message&&(r=new URL(s.getAttribute("src")),n=new URL(t.value),c.test(n.protocol))&&n.host===r.host&&l.activeElement===s&&(d.top.location.href=t.value))}},d.addEventListener("message",d.wp.receiveEmbedMessage,!1),l.addEventListener("DOMContentLoaded",function(){for(var e,t,s=l.querySelectorAll("iframe.wp-embedded-content"),r=0;r<s.length;r++)(t=(e=s[r]).getAttribute("data-secret"))||(t=Math.random().toString(36).substring(2,12),e.src+="#?secret="+t,e.setAttribute("data-secret",t)),e.contentWindow.postMessage({message:"ready",secret:t},"*")},!1)))}(window,document);
//# sourceURL=https://www.lillegrandpalais.com/leblog/wp-includes/js/wp-embed.min.js
/* ]]> */
</script>

A l&rsquo;occasion des Journées Européennes du Patrimoine, Lille Grand Palais vous ouvre ses portes pour vous dévoiler les 1000 facettes de l’événementiel et de son bâtiment. La nouveauté, cette année, un parcours sportif a été pensé pour vous en partenariat avec le Club de Gym d’Euralille. Le Dimanche matin sera sportif tout en restant accessible [&hellip;]
